{"id":69,"date":"2025-05-26T19:53:36","date_gmt":"2025-05-26T17:53:36","guid":{"rendered":"https:\/\/fahrwerke.com\/fdk\/?post_type=product&#038;p=69"},"modified":"2025-07-21T11:35:28","modified_gmt":"2025-07-21T09:35:28","slug":"porsche-944-968-nachsteller-stellschrauben","status":"publish","type":"product","link":"https:\/\/fahrwerke.com\/fdk\/produkt\/porsche-944-968-nachsteller-stellschrauben\/","title":{"rendered":"Porsche 944, 968 Nachsteller Stellschrauben"},"content":{"rendered":"<p>Nachsteller f\u00fcr Bremsbel\u00e4ge, zinklamellenbeschichtet<\/p>\n<p>Lieferumfang 1 Paar (2 St\u00fcck)<\/p>\n","protected":false},"excerpt":{"rendered":"<p>Nachsteller f\u00fcr Bremsbel\u00e4ge, zinklamellenbeschichtet Lieferumfang 1 Paar (2 St\u00fcck)<\/p>\n","protected":false},"featured_media":70,"comment_status":"closed","ping_status":"closed","template":"","meta":{"advanced_seo_description":"","jetpack_seo_html_title":"","jetpack_seo_noindex":false},"product_brand":[],"product_cat":[17],"product_tag":[],"class_list":{"0":"post-69","1":"product","2":"type-product","3":"status-publish","4":"has-post-thumbnail","6":"product_cat-bremsen","8":"first","9":"instock","10":"taxable","11":"shipping-taxable","12":"purchasable","13":"product-type-simple"},"jetpack_sharing_enabled":true,"_links":{"self":[{"href":"https:\/\/fahrwerke.com\/fdk\/wp-json\/wp\/v2\/product\/69","targetHints":{"allow":["GET"]}}],"collection":[{"href":"https:\/\/fahrwerke.com\/fdk\/wp-json\/wp\/v2\/product"}],"about":[{"href":"https:\/\/fahrwerke.com\/fdk\/wp-json\/wp\/v2\/types\/product"}],"replies":[{"embeddable":true,"href":"https:\/\/fahrwerke.com\/fdk\/wp-json\/wp\/v2\/comments?post=69"}],"wp:featuredmedia":[{"embeddable":true,"href":"https:\/\/fahrwerke.com\/fdk\/wp-json\/wp\/v2\/media\/70"}],"wp:attachment":[{"href":"https:\/\/fahrwerke.com\/fdk\/wp-json\/wp\/v2\/media?parent=69"}],"wp:term":[{"taxonomy":"product_brand","embeddable":true,"href":"https:\/\/fahrwerke.com\/fdk\/wp-json\/wp\/v2\/product_brand?post=69"},{"taxonomy":"product_cat","embeddable":true,"href":"https:\/\/fahrwerke.com\/fdk\/wp-json\/wp\/v2\/product_cat?post=69"},{"taxonomy":"product_tag","embeddable":true,"href":"https:\/\/fahrwerke.com\/fdk\/wp-json\/wp\/v2\/product_tag?post=69"}],"curies":[{"name":"wp","href":"https:\/\/api.w.org\/{rel}","templated":true}]}}