{"id":55,"date":"2025-05-26T19:04:14","date_gmt":"2025-05-26T17:04:14","guid":{"rendered":"https:\/\/fahrwerke.com\/fdk\/?post_type=product&#038;p=55"},"modified":"2026-03-31T11:01:21","modified_gmt":"2026-03-31T09:01:21","slug":"zahnstangenlenkung-kaefer-umruestsatz-ohne-schweissen","status":"publish","type":"product","link":"https:\/\/fahrwerke.com\/fdk\/produkt\/zahnstangenlenkung-kaefer-umruestsatz-ohne-schweissen\/","title":{"rendered":"Zahnstangenlenkung VW K\u00e4fer \u2013 Umbausatz ohne Schwei\u00dfen"},"content":{"rendered":"<p>Der Umbausatz ben\u00f6tigt keinerlei Schwei\u00dfarbeiten. Die <a href=\"https:\/\/fahrwerke.com\/fdk\/2026\/01\/10\/ansteuerung-der-vw-hupe-nach-baujahr\/\">Ansteuerung der Hupe<\/a> muss nicht verbastelt werden. Die originale Lenkgeometrie (Spurdifferenzwinkel) bleibt erhalten. Lenkansch\u00e4ge am Achsk\u00f6rper m\u00fcssen nicht entfernt werden. Somit bleibt ein R\u00fcckbau m\u00f6glich.<br \/>\nArbeiten an Lenkungsteilen erfordern spezielle Fachkenntnisse und F\u00e4higkeiten sowie Verst\u00e4ndnis der Lenkgeometrie und sollten durch eine erfahrene Fachwerkstatt oder einen erfahrenen KFZ-Mechaniker vorgenommen werden. Umbau und Technische Abnahme sind auch in unserer Partnerwerkstatt m\u00f6glich.<br \/>\nEs existiert ein T\u00dcV-Teilegutachten einer in bedeutenden Merkmalen \u00e4hnlichen fr\u00fchen Version, das als Vergleichsgutachten zur Technischen Abnahme mitgegeben werden kann. Zur Abkl\u00e4rung mit einem KFZ-Sachverst\u00e4ndigen senden wir gern die Einbauanleitung vorab. Die Lenkung erf\u00fcllt die strengen Voraussetzungen der zeitgen\u00f6ssisch historischen Zulassung f\u00fcr Fahrzeuge mit EZ ab 09\/63 bzw. als sicherheitsrelevante Ausnahme.<\/p>\n","protected":false},"excerpt":{"rendered":"<p>VW K\u00e4fer &amp; Karmann Ghia (Typ 11,15 &amp; 14) ab 8\/65<\/p>\n<ul>\n<li>Keine Schwei\u00dfarbeiten erforderlich<\/li>\n<li><a href=\"https:\/\/fahrwerke.com\/fdk\/2026\/01\/10\/ansteuerung-der-vw-hupe-nach-baujahr\/\">Verkabelung der Hupe<\/a> bleibt original, auch bei Lenks\u00e4ule mit isoliertem Lenkwellenlager<\/li>\n<li>Sicherheitsmerkmal der Lenks\u00e4ule bleibt erhalten<\/li>\n<li>Originaler korrekter Spurdifferenzwinkel bleibt<\/li>\n<li>Kabeldurchf\u00fchrung durch die Lenkwelle bleibt erhalten<\/li>\n<li><a href=\"https:\/\/fahrwerke.com\/fdk\/produkt\/spurstangenkopf-kaefer-zahnstangenlenkung\/\">Spurstangenk\u00f6pf<\/a>e im Lieferumfang (Lemf\u00f6rder\/Meyle\/Febi\/FAG)<\/li>\n<li>Lenks\u00e4ule durch zus\u00e4tzliches <a href=\"https:\/\/fahrwerke.com\/fdk\/produkt\/lenkwellenlager-kaefer-zahnstangenlenkung\/\">Lenkwellenlager<\/a> beidseitig gelagert<\/li>\n<\/ul>\n<p>Lieferumfang siehe Bild + detaillierte Anleitung + Schraubensicherung<br \/>\nHat die Lenks\u00e4ule deines VW ein isoliertes Lenkwellenlager? <a href=\"https:\/\/fahrwerke.com\/fdk\/2026\/01\/10\/ansteuerung-der-vw-hupe-nach-baujahr\/#circuit3\" target=\"_blank\" rel=\"noopener\">Info dazu hier &#8230;<\/a><\/p>\n","protected":false},"featured_media":56,"comment_status":"open","ping_status":"closed","template":"","meta":{"advanced_seo_description":"","jetpack_seo_html_title":"","jetpack_seo_noindex":false},"product_brand":[],"product_cat":[19],"product_tag":[49,46,53,48,47],"class_list":{"0":"post-55","1":"product","2":"type-product","3":"status-publish","4":"has-post-thumbnail","6":"product_cat-lenkung","7":"product_tag-ghia-zahnstangenlenkung","8":"product_tag-kaefer-zahnstangenlenkung","9":"product_tag-kurzer-vorderwagen","10":"product_tag-zahnstangenlenkung-ghia","11":"product_tag-zahnstangenlenkung-kaefer","12":"product_shipping_class-schwere-pakete","14":"first","15":"instock","16":"sold-individually","17":"taxable","18":"shipping-taxable","19":"purchasable","20":"product-type-variable"},"jetpack_sharing_enabled":false,"_links":{"self":[{"href":"https:\/\/fahrwerke.com\/fdk\/wp-json\/wp\/v2\/product\/55","targetHints":{"allow":["GET"]}}],"collection":[{"href":"https:\/\/fahrwerke.com\/fdk\/wp-json\/wp\/v2\/product"}],"about":[{"href":"https:\/\/fahrwerke.com\/fdk\/wp-json\/wp\/v2\/types\/product"}],"replies":[{"embeddable":true,"href":"https:\/\/fahrwerke.com\/fdk\/wp-json\/wp\/v2\/comments?post=55"}],"wp:featuredmedia":[{"embeddable":true,"href":"https:\/\/fahrwerke.com\/fdk\/wp-json\/wp\/v2\/media\/56"}],"wp:attachment":[{"href":"https:\/\/fahrwerke.com\/fdk\/wp-json\/wp\/v2\/media?parent=55"}],"wp:term":[{"taxonomy":"product_brand","embeddable":true,"href":"https:\/\/fahrwerke.com\/fdk\/wp-json\/wp\/v2\/product_brand?post=55"},{"taxonomy":"product_cat","embeddable":true,"href":"https:\/\/fahrwerke.com\/fdk\/wp-json\/wp\/v2\/product_cat?post=55"},{"taxonomy":"product_tag","embeddable":true,"href":"https:\/\/fahrwerke.com\/fdk\/wp-json\/wp\/v2\/product_tag?post=55"}],"curies":[{"name":"wp","href":"https:\/\/api.w.org\/{rel}","templated":true}]}}