{"id":166,"date":"2025-05-28T09:55:24","date_gmt":"2025-05-28T07:55:24","guid":{"rendered":"https:\/\/fahrwerke.com\/fdk\/?page_id=166"},"modified":"2026-04-04T16:02:42","modified_gmt":"2026-04-04T14:02:42","slug":"gruezi-servus-und-hallo-fdk-shop-jetzt-bei-fahrwerke-com","status":"publish","type":"page","link":"https:\/\/fahrwerke.com\/fdk\/","title":{"rendered":"FDK \u2013 Shop jetzt bei fahrwerke.com"},"content":{"rendered":"\n<p>FDK bietet ein winziges Portfolio von Produkten aus eigener Herstellung f\u00fcr den Luftgek\u00fchlten &#8211; klein aber fein.<\/p>\n\n\n\n<p>Die mit der Restaurierung eines alten Fahrzeugs oft einhergehende Optimierung erfordert manchmal Ideen und L\u00f6sungen, die es so nicht von der Stange gibt. Wer dieses Hobby mit Leidenschaft betreibt, kennt sicher die eine oder andere Situation, in der er denkt: \u201eDas geht auch anders.\u201c Wer diese Idee weiterverfolgt und die n\u00f6tigen Ressourcen hat, entwickelt gerne eigene L\u00f6sungen. Meine Ideen kamen oft beim T\u00fcfteln, wie z.B. hier \u2026<\/p>\n\n\n\n<blockquote class=\"wp-block-quote is-layout-flow wp-block-quote-is-layout-flow\">\n<p>Selbst mit restauriertem originalem Lenkgetriebe hatte mein K\u00e4fer immer wieder \u00fcberm\u00e4\u00dfiges Lenkspiel.<br>Ein besseres System musste her.<br>Ich h\u00e4tte einfach einen Umbausatz auf Zahnstangenlenkung kaufen k\u00f6nnen. Jedoch sollte die Ansteuerung der Hupe nicht verbastelt und \u2013 noch wichtiger \u2013 die originale Lenkgeometrie (Spurdifferenzwinkel) erhalten werden.<br>So entstand zun\u00e4chst ein weiterer \u201eAbleger\u201c des fr\u00fcher erh\u00e4ltlichen Umbausatzes von \u201eClassicCentrum\u201c mit folgenden <a href=\"https:\/\/fahrwerke.com\/fdk\/produkt\/zahnstangenlenkung-kaefer-umruestsatz-ohne-schweissen\/\" data-type=\"link\" data-id=\"https:\/\/fahrwerke.com\/fdk\/produkt\/zahnstangenlenkung-kaefer-umruestsatz-ohne-schweissen\/\">Unterschieden<\/a> zu den \u00fcblichen Umbaus\u00e4tzen:<br>&#8230;<\/p>\n<\/blockquote>\n\n\n\n<p>\u2026oder hier;<\/p>\n\n\n\n<blockquote class=\"wp-block-quote is-layout-flow wp-block-quote-is-layout-flow\">\n<p>Handbremshebel wirkungslos? Oft kommt beim Ziehen auch der Zahnbogen aus dem Rahmentunnel mit heraus, weil \u00fcber die Jahrzehnte dort ein kleiner Blechsteg abnutzt. Wie repariert man das, ohne am Rahmentunnel zu schwei\u00dfen, zu kleben etc.? Unser Zahnbogen repariert dies ohne gro\u00dfen Eingriff. Ebenso verhindert der <a href=\"https:\/\/fahrwerke.com\/fdk\/produkt\/vw-kaefer-spezial-zahnbogen-ratchet-handbremse-und-baugleiche-vw\/\">spezielle Zahnbogen<\/a> die Abnutzung dieses Blechstegs am Rahmentunnel<br>&#8230;<\/p>\n<\/blockquote>\n\n\n\n<p>So sind w\u00e4hrend dieses sch\u00f6nen Hobbys einige Produkte entstanden, die vielleicht der eine oder andere auch verwenden kann.<br><\/p>\n\n\n\n<p>Viel Spa\u00df beim <a href=\"https:\/\/fahrwerke.com\/fdk\/shop\/\">St\u00f6bern<\/a>.<\/p>\n\n\n\n<p><\/p>\n","protected":false},"excerpt":{"rendered":"<p>FDK bietet ein winziges Portfolio von Produkten aus eigener Herstellung f\u00fcr den Luftgek\u00fchlten &#8211; klein aber fein. Die mit der Restaurierung eines alten Fahrzeugs oft einhergehende Optimierung erfordert manchmal Ideen [&hellip;]<\/p>\n","protected":false},"author":1,"featured_media":0,"parent":0,"menu_order":0,"comment_status":"closed","ping_status":"closed","template":"","meta":{"advanced_seo_description":"","jetpack_seo_html_title":"","jetpack_seo_noindex":false,"footnotes":""},"class_list":["post-166","page","type-page","status-publish","hentry"],"jetpack_sharing_enabled":true,"_links":{"self":[{"href":"https:\/\/fahrwerke.com\/fdk\/wp-json\/wp\/v2\/pages\/166","targetHints":{"allow":["GET"]}}],"collection":[{"href":"https:\/\/fahrwerke.com\/fdk\/wp-json\/wp\/v2\/pages"}],"about":[{"href":"https:\/\/fahrwerke.com\/fdk\/wp-json\/wp\/v2\/types\/page"}],"author":[{"embeddable":true,"href":"https:\/\/fahrwerke.com\/fdk\/wp-json\/wp\/v2\/users\/1"}],"replies":[{"embeddable":true,"href":"https:\/\/fahrwerke.com\/fdk\/wp-json\/wp\/v2\/comments?post=166"}],"version-history":[{"count":62,"href":"https:\/\/fahrwerke.com\/fdk\/wp-json\/wp\/v2\/pages\/166\/revisions"}],"predecessor-version":[{"id":880,"href":"https:\/\/fahrwerke.com\/fdk\/wp-json\/wp\/v2\/pages\/166\/revisions\/880"}],"wp:attachment":[{"href":"https:\/\/fahrwerke.com\/fdk\/wp-json\/wp\/v2\/media?parent=166"}],"curies":[{"name":"wp","href":"https:\/\/api.w.org\/{rel}","templated":true}]}}